Let v(d) = -2*d**3 + 2*d**2 - 1. Let l be v(1). Let q(j) = 2*j + 4. Let z(a) = -a. Let w(u) = l*z(u) - q(u). Suppose -i - 8 = i. What is w(i)?
0
Let a(z) = -z**3 - 3*z**2. Suppose 11 = -7*k - 10. What is a(k)?
0
Suppose 5 = -3*c - 1. Let a = c + 5. Suppose 3*h = -2*f - 18 + 4, 0 = 2*h - a*f - 8. Let u(o) = -o**2 + o. Give u(h).
-6
Let d(r) = -7*r - 11. Let v(k) = 8*k + 11. Let u(j) = -7*d(j) - 6*v(j). Determine u(0).
11
Let c(s) = 3*s**2 - 4*s + 2. Let l(n) = -n**2. Let v(u) = -c(u) - 2*l(u). Determine v(4).
-2
Let g(y) = -y**3 - 5*y**2 - 7*y - 4. Let v be -1 + 6*6/4. Suppose v*z - 3*z = -45. Let j(f) = f**2 + 9*f - 4. Let c be j(z). Calculate g(c).
8
Let d(w) = w - 37 + 38 - 5*w. What is d(2)?
-7
Let m(l) = -l**2 + 8*l - 4. Let o(y) = -y**2 + 7*y - 4. Let j(f) = -2*m(f) + 3*o(f). What is j(6)?
-10
Suppose z = -2*j - j - 8, -5*z - 5*j + 10 = 0. Let a(s) = s + 1. Let d(c) be the first derivative of -c**2/2 - c + 1. Let y(q) = z*d(q) + 6*a(q). What is y(-1)?
0
Let g(u) = u**2 + 5*u - 2. Let l be g(-5). Suppose 4*s = 5*t - 0*s - 14, 2*s - 8 = -5*t. Let r(p) = 5 + 0 - 3 + t*p. Calculate r(l).
-2
Let h(r) = -r**3 - r**2 + 2*r - 1. Let p(w) = w**2 - 5*w - 7. Let l be p(6). Let b = -3 - l. Calculate h(b).
-1
Let b(t) = t**2 + t. Let o(d) = 2*d**2 + 8*d - 4. Let j(i) = -3*b(i) + o(i). Let a be (-40)/(-3) - (-1)/(-3). Let w = a - 10. Give j(w).
2
Let g(w) = w + 5. Let l(b) = -b + 8. Let m be l(7). Let i(k) = -1. Let p(r) = m*i(r) + g(r). Determine p(4).
8
Let n(y) be the third derivative of -y**6/120 + y**5/10 - 7*y**4/24 + 5*y**3/6 + 8*y**2. Calculate n(4).
9
Let g be -3 + 0 + (-35)/(-10). Let y(m) be the second derivative of 2*m - g*m**2 + 1/6*m**3 - 1/20*m**5 + 0 + 0*m**4. What is y(-2)?
5
Let q(k) = 6*k - 1. Let x = 9 + -7. Suppose r + 0*r - x = 0. What is q(r)?
11
Let j be 2*-1*(-4)/4. Let p(v) = 7*v - j*v - 2 + 4. Suppose 9*y + 6 = 6*y. Calculate p(y).
-8
Let x(t) = -t**2 + t - 1. Suppose 3*a + 4 = -4*p, -2*a + 1 = -3*p - 2. Give x(a).
-1
Suppose -10 = -2*y - 5*a, y = -3*a + 4*a - 9. Let v(m) be the third derivative of -m**5/60 - m**4/6 - m**3/6 - 11*m**2. Determine v(y).
-6
Suppose -5*t - 3 = -2*t. Let z(p) = -p**2 - 1. Give z(t).
-2
Suppose -44 = 4*u - 4. Let k(m) = -m + 3. Calculate k(u).
13
Suppose 3*f = -12, 2*m = -5*f + 3*f - 6. Let v(c) be the first derivative of c + 2/3*c**3 - c**2 - 11/4*c**4 + 3. Determine v(m).
-10
Let d(z) = z**3 + 2*z**2 - 5*z - 3. Let c(h) = -h - 1. Let t be c(-3). Suppose -15 = t*q + 3*q. Give d(q).
3
Let g(v) = v + 2. Let s = 1 - -1. Calculate g(s).
4
Let k(z) be the second derivative of z**5/20 - z**4/4 - 4*z. What is k(3)?
0
Let q(b) = 0 + 3 + b + b**2 - 2. Let x be q(-2). Let k(l) = -2*l**3 + 4*l**3 - l**3 - x*l**2 - 3*l + 3. What is k(3)?
-6
Let r(q) be the third derivative of q**6/60 - q**4/24 - q**2. Let y be (1/6*3)/((-8)/16). Give r(y).
-1
Let j(o) = 2*o. Let n(t) = 8*t - 9. Let i(w) = -5*j(w) + n(w). Calculate i(-6).
3
Let w(q) = q**2 + 12*q + 5. Let a(d) = d**2 + 13*d + 4. Let h = -1 - 3. Let y(f) = h*a(f) + 5*w(f). Calculate y(-6).
-3
Let f(v) = -10*v - 1. Let l(q) = -q**3 - q**2 - 2*q + 4. Let s be l(0). Let h(t) = -11*t - 1. Let a(i) = s*h(i) - 5*f(i). What is a(-1)?
-5
Suppose 7*h - 3*h - 28 = 0. Suppose -3 + h = g - p, 3*p + 12 = 0. Let c(l) = g*l + 3 - 1 - 6*l - 1. Calculate c(2).
-11
Suppose 15 = 4*j + j. Suppose 3*q - 9 = j*o - 0, -3*o - 19 = -5*q. Let w(h) = 3*h**2 - 2*h. Calculate w(o).
8
Let z(g) be the first derivative of -g**4/4 + g**3 + g**2 + 4*g + 27. Determine z(3).
10
Suppose -2*j = -0*j - 4. Let o(f) = j - f**3 + 0 + 3. Let w(l) = -l**2 - 6*l. Let s be w(-6). What is o(s)?
5
Let b(m) be the second derivative of -m**4/3 - m**3/6 - m**2 + 2*m. Let i(d) be the first derivative of b(d). Let n(q) = q. Let c be n(-1). What is i(c)?
7
Let m be 34/9 - 10/(-45). Suppose -m*u = -u - 21. Let w(a) = -u*a**2 - 1 - 5*a + 8*a**2 + a. Determine w(4).
-1
Suppose -7*h + 17*h - 50 = 0. Let k(c) = c**2 - 7*c + 4. What is k(h)?
-6
Let y(q) = 13 + 0*q + 9 - 5 - q. Let v be y(12). Let r(w) be the first derivative of w**3/3 - 3*w**2 - 3*w + 1. Give r(v).
-8
Let f(a) = 2 - 6 - 3*a**3 + 2*a**3 - 5*a - 6*a**2. Let j = -105 + 100. Determine f(j).
-4
Let a(r) = 6*r**3 - 1. Let t = -30 - -29. Give a(t).
-7
Suppose -2*z + 9 = -15. Let m = z + -17. Let c(g) = 1 + 1 - 4*g + 0*g**2 - g**2. Give c(m).
-3
Let i(k) = -k**3 + 3*k**2 + 1. Let a be (-4)/(-6) + (-7)/(-3). Let w be (-7)/a - 1/(-3). Let n = 0 - w. Calculate i(n).
5
Let c(b) = -4*b**2 + 6. Let k(d) = 5*d**2 + d - 6. Suppose 0 = 3*v + 3*t + 6, 2*v + 1 = -2*t - t. Let u(l) = v*k(l) - 6*c(l). Give u(-5).
-6
Let d = -14 + 16. Let x(j) = -2*j + 3. Let k be x(4). Let r(w) = -6*w + 6. Let m(g) = 5*g - 5. Let f(v) = k*m(v) - 4*r(v). Calculate f(d).
-1
Let g(f) = -3*f**2 + 3*f + 7. Let j(d) = -d**2 + d + 3. Let x(w) = -2*g(w) + 5*j(w). Let o be (-3)/(6/8) + 2. Let u be (1 - 0)/(o/(-2)). Give x(u).
1
Suppose -6*v + v + 20 = 0. Suppose -2*k - 3*l - 15 = 3*k, v*k - 4*l = 20. Let d(b) = 5*b + 5. Let a(q) = -6*q - 5. Let i(m) = -4*a(m) - 5*d(m). Determine i(k).
-5
Let b(c) be the second derivative of c**5/20 + 5*c**4/12 - c**3/6 + 2*c**2 - 7*c. Calculate b(-5).
9
Let h(x) = x - 1. Let q = -2 + 5. Suppose q*w - 4 = w. Calculate h(w).
1
Let y(x) be the third derivative of x**6/120 + x**5/12 + x**4/24 - 2*x**3/3 + 7*x**2. Determine y(-4).
8
Let i(o) = 6*o**2 - 3*o**2 - o**2 - o + 5*o**2 - 7. Let q(x) = 10*x**2 - x - 10. Let z(b) = 7*i(b) - 5*q(b). Calculate z(-4).
-7
Let d(s) = -s + 1. Let g(x) = -12*x + 9. Let q(h) = -9*d(h) + g(h). Calculate q(1).
-3
Let p(b) = -5*b**2 - 9*b + 1. Let z(q) = 5*q + 0*q + 6*q**2 - 3*q**2. Let u(x) = 4*p(x) + 7*z(x). What is u(0)?
4
Let o(s) be the first derivative of -s**2/2 - 3*s + 23. What is o(-5)?
2
Let j(v) = -v + 1. Let p(w) = -w + 6. Let s = 6 + -5. Let d(a) = s*p(a) - 2*j(a). Determine d(5).
9
Let f(s) = -16 + 7*s + 2*s**2 + 12 - 3*s. Determine f(-4).
12
Let q(a) = 5*a**3 + 4*a**2 - 4*a - 1. Let t(k) = -15*k**3 - 11*k**2 + 11*k + 3. Let g(v) = -17*q(v) - 6*t(v). Give g(1).
4
Let f be 1/(-3)*(-3)/20. Let x(u) be the third derivative of 0*u + 0 - 1/8*u**4 + 2*u**2 - f*u**5 - 1/2*u**3. Give x(-2).
-9
Let n(x) = 2 + x + x + 0. Let f be (-48)/18*(-27)/(-12). What is n(f)?
-10
Let d(c) = -c**2 + 4*c + 4. Let b be d(4). Let m(n) = n**2 - b*n + n - 2 + 3. Calculate m(4).
5
Let t(h) = -h**2 - 6*h + 5. Suppose -11*x = -2*x + 63. Calculate t(x).
-2
Let o(f) = -f**3 - 6*f**2 + f + 3. Suppose -2*n - 1 - 3 = 0. Let m be 440/(-77) + n/7. Calculate o(m).
-3
Let a(v) be the first derivative of v**4/4 + v**3 - 7*v**2/2 - 6*v + 2. Suppose -4*k + 20 = 0, k + 0*k - 17 = 3*f. What is a(f)?
6
Let v(a) be the second derivative of -a**6/240 - a**5/30 + 3*a**4/4 - 2*a. Let o(m) be the third derivative of v(m). Give o(-3).
5
Let o = -27 - -32. Let q(w) = -3*w**2 - 4 - 10*w**2 - 5*w + 14*w**2 + 3. What is q(o)?
-1
Suppose 4*c + 11 = v, 4*c + 2*v + 13 = v. Let b(d) = 4*d + 1. Give b(c).
-11
Let u(k) = k**2 + 7*k + 2. Let s be u(-7). Let d(z) = 5*z**2 + 11*z + 13. Let r(o) = o**2 + 3*o + 3. Let a(m) = s*d(m) - 9*r(m). Determine a(6).
5
Let k(o) = 4*o**3 + o. Suppose -5*g - 7 + 2 = 0. Determine k(g).
-5
Suppose 0 = -10*f + 5*f + 4*d - 624, -d + 1 = 0. Let v = f - -85. Let l be 2/(-12) - v/18. Let q(h) = h**2 + 2*h + 1. Calculate q(l).
9
Suppose -3*n + 2*v = 1, 3*v = 3*n - 5 + 2. Let u = n - 1. Let j be (4/3)/(u/(-6)). Let f(b) = b**2 - 2. Determine f(j).
2
Let g(a) = -a**3 + 4*a**2 + 6*a - 3. Suppose 0 = 2*i - 5*s - 19, -2*i - s - 1 + 2 = 0. Let u be 14 - ((5 - i) + -1). Suppose 0 = 5*c - u - 13. Give g(c).
2
Let u(l) = l**2 + 5*l. Let g(w) = -w**3 - 4*w**2 - 3*w - 5. Let c be g(-3). Calculate u(c).
0
Suppose -5*n + 0*c + 4*c - 4 = 0, 4*c = -5*n - 36. Let m(p) = -2*p. Determine m(n).
8
Let r(i) = 6*i**3 + 3*i**2 - 2*i - 7. Let y(p) = p**3 + p**2 - p - 1. Let c(j) = r(j) - 5*y(j). Calculate c(2).
4
Let z(c) = -c**3 + 5*c**2 + 4. Let y(d) = d**2 + d + 3. Let x be y(-2). Give z(x).
4
Suppose 0 = 4*k - 1 - 11. Let i(h) = h**2 - 2*h. Let m be i(k). Let c(t) = -m*t - 1 - 2*t**2 + t + t**2. What is c(-2)?
-1
Let h = -391 - -397. Let b(i) be the second derivative of -i**4/12 + i**3 - 3*i**2/2 + i. Determine b(h).
-3
Let d(k) = 6*k - 8. Let n(b) = 8*b - 12. Let m(w) = 7*d(